{"id":7,"date":"2022-10-19T16:16:46","date_gmt":"2022-10-19T14:16:46","guid":{"rendered":"https:\/\/rehabilitace-barton.cz\/?page_id=7"},"modified":"2023-01-03T18:26:54","modified_gmt":"2023-01-03T17:26:54","slug":"o","status":"publish","type":"page","link":"https:\/\/rehabilitace-barton.cz\/index.php\/o\/","title":{"rendered":"O mn\u011b"},"content":{"rendered":"\n<div class=\"wp-block-cover alignfull\" style=\"min-height:600px;aspect-ratio:unset;\"><span aria-hidden=\"true\" class=\"wp-block-cover__background has-nv-light-bg-background-color has-background-dim-100 has-background-dim\"><\/span><div class=\"wp-block-cover__inner-container is-layout-flow wp-block-cover-is-layout-flow\">\n<div class=\"wp-block-group\"><div class=\"wp-block-group__inner-container is-layout-flow wp-block-group-is-layout-flow\">\n<div style=\"height:80px\" aria-hidden=\"true\" class=\"wp-block-spacer\"><\/div>\n\n\n\n<div class=\"wp-block-columns are-vertically-aligned-center is-layout-flex wp-container-core-columns-is-layout-1 wp-block-columns-is-layout-flex\">\n<div class=\"wp-block-column is-vertically-aligned-center is-layout-flow wp-block-column-is-layout-flow\" style=\"flex-basis:50%\">\n<figure class=\"wp-block-gallery has-nested-images columns-default is-cropped wp-block-gallery-1 is-layout-flex wp-block-gallery-is-layout-flex\">\n<figure class=\"wp-block-image size-large\"><img loading=\"lazy\" decoding=\"async\" width=\"1500\" height=\"2000\" src=\"https:\/\/rehabilitace-barton.cz\/wp-content\/uploads\/2022\/12\/20221205_182922.jpg\" alt=\"\" class=\"wp-image-154\"\/><\/figure>\n<\/figure>\n<\/div>\n\n\n\n<div class=\"wp-block-column is-vertically-aligned-center is-layout-flow wp-block-column-is-layout-flow\" style=\"flex-basis:50%\">\n<h2 class=\"has-neve-text-color-color has-text-color wp-block-heading\">M\u016fj p\u0159\u00edb\u011bh<\/h2>\n\n\n\n<p class=\"has-neve-text-color-color has-text-color has-medium-font-size\">Jako V\u00e1\u0161 terapeut jsem p\u0159ipraven V\u00e1m pomoci p\u0159i \u0159e\u0161en\u00ed stav\u016f bolest\u00ed jak chronick\u00fdch tak akutn\u00edch pohybov\u00e9ho apar\u00e1tu. <\/p>\n\n\n\n<p class=\"has-neve-text-color-color has-text-color has-medium-font-size\">M\u00e1 praxe za\u010dala v roce 1994, kdy jsem po absolvov\u00e1n\u00ed rehabilita\u010dn\u00edho studia nastoupil na z\u00e1kladn\u00ed vojenskou slu\u017ebu a \u0159e\u0161il akutn\u00ed situace. Po roce jsem p\u0159e\u0161el rovnou do soukrom\u00e9ho sektoru &#8211; tzn. spolupr\u00e1ce s l\u00e9ka\u0159i v soukrom\u00fdch za\u0159\u00edzen\u00edch. <\/p>\n\n\n\n<p class=\"has-neve-text-color-color has-text-color has-medium-font-size\">Od roku 2001 praktikuji na \u017eivnostensk\u00fd list. <\/p>\n\n\n\n<p class=\"has-neve-text-color-color has-text-color has-medium-font-size\">Do dne\u0161n\u00edch dn\u016f jsem pro\u0161el mnoha diagnostikami v \u0159e\u0161en\u00ed pot\u00ed\u017e\u00ed, kdy naj\u00edt p\u0159\u00ed\u010dinu bolesti je m\u00e1 priorita! <\/p>\n\n\n\n<p class=\"has-neve-text-color-color has-text-color has-medium-font-size\">Samotnou prax\u00ed v dal\u0161\u00edch terapeutick\u00fdch oborech jsem vytvo\u0159il vlastn\u00ed syst\u00e9m, kter\u00fd nab\u00edz\u00ed \u0159e\u0161en\u00ed v \u0161irok\u00e9 \u0161k\u00e1le pot\u00ed\u017e\u00ed pohybov\u00e9ho syst\u00e9mu, o kter\u00e9m V\u00e1m r\u00e1d pohovo\u0159\u00edm d\u00e1le.<\/p>\n<\/div>\n<\/div>\n\n\n\n<div style=\"height:40px\" aria-hidden=\"true\" class=\"wp-block-spacer\"><\/div>\n<\/div><\/div>\n<\/div><\/div>\n","protected":false},"excerpt":{"rendered":"","protected":false},"author":1,"featured_media":0,"parent":0,"menu_order":0,"comment_status":"closed","ping_status":"closed","template":"","meta":{"neve_meta_sidebar":"","neve_meta_container":"","neve_meta_enable_content_width":"on","neve_meta_content_width":100,"neve_meta_title_alignment":"","neve_meta_author_avatar":"","neve_post_elements_order":"","neve_meta_disable_header":"","neve_meta_disable_footer":"","neve_meta_disable_title":"on","footnotes":""},"_links":{"self":[{"href":"https:\/\/rehabilitace-barton.cz\/index.php\/wp-json\/wp\/v2\/pages\/7"}],"collection":[{"href":"https:\/\/rehabilitace-barton.cz\/index.php\/wp-json\/wp\/v2\/pages"}],"about":[{"href":"https:\/\/rehabilitace-barton.cz\/index.php\/wp-json\/wp\/v2\/types\/page"}],"author":[{"embeddable":true,"href":"https:\/\/rehabilitace-barton.cz\/index.php\/wp-json\/wp\/v2\/users\/1"}],"replies":[{"embeddable":true,"href":"https:\/\/rehabilitace-barton.cz\/index.php\/wp-json\/wp\/v2\/comments?post=7"}],"version-history":[{"count":9,"href":"https:\/\/rehabilitace-barton.cz\/index.php\/wp-json\/wp\/v2\/pages\/7\/revisions"}],"predecessor-version":[{"id":221,"href":"https:\/\/rehabilitace-barton.cz\/index.php\/wp-json\/wp\/v2\/pages\/7\/revisions\/221"}],"wp:attachment":[{"href":"https:\/\/rehabilitace-barton.cz\/index.php\/wp-json\/wp\/v2\/media?parent=7"}],"curies":[{"name":"wp","href":"https:\/\/api.w.org\/{rel}","templated":true}]}}

O mně

<div class="wp-block-cover alignfull" style="min-height:600px;aspect-ratio:unset;"><span aria-hidden="true" class="wp-block-cover__background has-nv-light-bg-background-color has-background-dim-100 has-background-dim"></span><div class="wp-block-cover__inner-container is-layout-flow wp-block-cover-is-layout-flow">
<div class="wp-block-group"><div class="wp-block-group__inner-container is-layout-flow wp-block-group-is-layout-flow">
<div style="height:80px" aria-hidden="true" class="wp-block-spacer"></div>



<div class="wp-block-columns are-vertically-aligned-center is-layout-flex wp-container-core-columns-is-layout-1 wp-block-columns-is-layout-flex">
<div class="wp-block-column is-vertically-aligned-center is-layout-flow wp-block-column-is-layout-flow" style="flex-basis:50%">
<figure class="wp-block-gallery has-nested-images columns-default is-cropped wp-block-gallery-1 is-layout-flex wp-block-gallery-is-layout-flex">
<figure class="wp-block-image size-large"><img loading="lazy" decoding="async" width="1500" height="2000" src="https://rehabilitace-barton.cz/wp-content/uploads/2022/12/20221205_182922.jpg" alt="" class="wp-image-154"/></figure>
</figure>
</div>



<div class="wp-block-column is-vertically-aligned-center is-layout-flow wp-block-column-is-layout-flow" style="flex-basis:50%">
<h2 class="has-neve-text-color-color has-text-color wp-block-heading">Můj příběh</h2>



<p class="has-neve-text-color-color has-text-color has-medium-font-size">Jako Váš terapeut jsem připraven Vám pomoci při řešení stavů bolestí jak chronických tak akutních pohybového aparátu. </p>



<p class="has-neve-text-color-color has-text-color has-medium-font-size">Má praxe začala v roce 1994, kdy jsem po absolvování rehabilitačního studia nastoupil na základní vojenskou službu a řešil akutní situace. Po roce jsem přešel rovnou do soukromého sektoru &#8211; tzn. spolupráce s lékaři v soukromých zařízeních. </p>



<p class="has-neve-text-color-color has-text-color has-medium-font-size">Od roku 2001 praktikuji na živnostenský list. </p>



<p class="has-neve-text-color-color has-text-color has-medium-font-size">Do dnešních dnů jsem prošel mnoha diagnostikami v řešení potíží, kdy najít příčinu bolesti je má priorita! </p>



<p class="has-neve-text-color-color has-text-color has-medium-font-size">Samotnou praxí v dalších terapeutických oborech jsem vytvořil vlastní systém, který nabízí řešení v široké škále potíží pohybového systému, o kterém Vám rád pohovořím dále.</p>
</div>
</div>



<div style="height:40px" aria-hidden="true" class="wp-block-spacer"></div>
</div></div>
</div></div>
